t common factor of 26 and z?
2
Let b(h) = 32*h**2 - 138*h + 25. Let r be b(9). What is the highest common factor of r and 250?
125
Suppose -38*t + 2129 - 1141 = 0. What is the highest common factor of 1378 and t?
26
Let q be (-354340)/(-1400) - (-1)/(-10). Calculate the highest common divisor of 23 and q.
23
Let k = 446 - 142. Let z = -64 + k. Suppose m = -9*m + z. What is the greatest common divisor of 24 and m?
24
Let g(r) = 50*r + 5 - 2 + 1 + 0. Let w(f) = f**2 - 3*f - 17. Let k be w(6). Let y be g(k). What is the greatest common divisor of 18 and y?
18
Let p = 477 - 243. Let l(v) = -v**2 + 20*v - 1. Let n be l(13). What is the highest common divisor of p and n?
18
Let a(c) = -2 - 26*c + 2 + 0 + 5*c**2 - 2. Let j be a(8). Calculate the greatest common divisor of 385 and j.
55
Suppose 0 = -6*s + 64 + 104. Let z(p) = -7 - 7 + s*p - 31*p. Let i be z(-6). Calculate the highest common divisor of i and 28.
4
Suppose 13*k - 8008 = -2479 + 6210. Calculate the highest common divisor of 189 and k.
21
Let q be (-7 - -2)/(-15)*63. Let f be 28/(-3)*(-18)/q. Let u be -1 - (-3 + -59) - -3. Calculate the highest common divisor of u and f.
8
Suppose 0 = 15*p - 6*p + 18. Let s be ((-2392)/6)/p - (-26)/39. What is the highest common divisor of s and 50?
50
Suppose 2*g + 4*c - 49 = 53, 5*g - 4*c = 199. Suppose p = -4*x + 210, 0 = -4*x + 5*p + g + 155. What is the greatest common divisor of x and 13?
13
Let l(y) = 16*y**2 - 58*y - 13. Let o be l(4). What is the greatest common factor of 1331 and o?
11
Suppose -41 = -3*q - c, 4*c + 63 = -q + 51. Let i(w) = w**3 - w**2 - 1. Let h be i(1). Let x be h*1/2*-224. Calculate the highest common factor of x and q.
16
Suppose -3*r + 81 + 11 = 20. Calculate the greatest common divisor of 6888 and r.
24
Let a be (-111)/((-11)/(-36) - 4/18). Let p be (((-6)/9)/1)/(8/a). Calculate the greatest common factor of 3 and p.
3
Suppose 14*z - 354 = 80. Suppose z*o - 30030 = 10*o. Calculate the greatest common factor of o and 11.
11
Let p = -67531 - -67851. Let j be (1*-8)/((-4)/10). Calculate the greatest common factor of j and p.
20
Suppose 15*k = 29*k + 7630. Let l = 706 + k. Calculate the highest common divisor of 7 and l.
7
Let u = 11 - -25. Suppose -15*g + 23*g + 88 = 0. Let n(j) = 12*j + 180. Let t be n(g). Calculate the highest common divisor of t and u.
12
Let x be (176/(-40))/(-2*(-6)/(-30)). Suppose 5*s = 5 - 0. Calculate the greatest common divisor of s and x.
1
Let j be (-26)/39 + (-242)/(-3). Let q(a) = a**3 + 11*a**2 - 24*a + 56. Let p be q(4). What is the greatest common factor of j and p?
40
Suppose 0 = 4*q - 16, 4*l + q - 587 = -103. What is the highest common factor of l and 4540?
20
Suppose 5*x - 4*h - 110 = 0, 5*x = -h + 1505 - 1420. Calculate the greatest common factor of 12438 and x.
18
Suppose 405 = 9*u - 4*u. Suppose 21*m - 22*m = 9 - 1, 0 = k - 3*m - 132. What is the highest common factor of k and u?
27
Let g = -28004 + 28049. What is the highest common factor of g and 11565?
45
Suppose -l + 1638 = v, -88*v = -87*v + 4*l - 1656. Calculate the greatest common divisor of 663 and v.
51
Let y = -312 - -6970. Calculate the highest common divisor of y and 2.
2
Suppose 3*j + 4*j = 609. Let k = 271 - 171. Let r = k - j. Calculate the highest common divisor of r and 195.
13
Let i be 13/(-52) + 209011/44. What is the highest common divisor of 1000 and i?
250
Let v = 1191 + -1073. What is the highest common factor of v and 6785?
59
Let v be (-5*561/(-55))/3. What is the greatest common divisor of v and 2125?
17
Suppose 0 = 538*r - 473*r - 780. What is the highest common divisor of 756 and r?
12
Let r be ((-2840)/852)/(1 - (-34)/(-24)). What is the greatest common factor of r and 44?
4
Let j be 379*((10/(-5) - 0) + 1). Let y = j + 779. What is the greatest common factor of y and 50?
50
Let u = -158 + 202. Let v(g) = 26*g - 126. Let y be v(15). Calculate the highest common factor of u and y.
44
Let u(t) = -t + 186. Let s be u(0). Suppose -3*o = m - 843, -5*m = 6 + 9. Let n = o - s. What is the greatest common factor of 12 and n?
12
Let y = -289 + 375. Calculate the greatest common factor of y and 215.
43
Let d(r) = -15*r**2 - 667*r + 17. Let s be d(-44). Calculate the highest common divisor of 100 and s.
25
Let j(t) = 780*t**2 + 238*t + 238. Let b be j(-1). What is the greatest common factor of b and 3276?
156
Let w(g) = 71*g + 9214. Let t be w(-114). What is the highest common factor of t and 2160?
80
Let d(a) = 6060*a**3 + 33*a - 32. Let c be d(1). Calculate the greatest common factor of c and 209.
209
Suppose -3*h = -17 - 25. Let m be (-28)/(-24) + (16683/18 - 4). What is the highest common divisor of h and m?
14
Suppose -463*b = -464*b + 4*j + 446, 2*b + 4*j = 976. Calculate the greatest common factor of 66 and b.
6
Suppose 3333 = 3*x - s, 117*s = 2*x + 119*s - 2214. What is the greatest common factor of 240 and x?
30
Suppose 87*q + 41*q = 14720. What is the greatest common factor of q and 46?
23
Suppose -18*h + 235 + 197 = 0. Let f(p) = 2*p**2 - 43*p - 64. Let n be f(h). What is the highest common divisor of 16 and n?
8
Let l be 32218/14 + 156/(-546) + -1. Calculate the greatest common factor of 100 and l.
100
Let t(w) = w**2 + 3*w - 1. Let d be t(-6). Let c be (-37)/518*(-6 - (0 - -232)). Calculate the highest common divisor of c and d.
17
Let s(q) = 2*q - 8. Let c be s(3). Let b be (3 - 0) + 2 + c. Suppose -r + 3*r = 2*f + 18, b*r = -5*f + 51. Calculate the greatest common factor of 6 and r.
6
Let g(l) = 531*l - 7360. Let d be g(15). What is the highest common factor of 385 and d?
55
Suppose -10 = 5*p, 4*f + 75*p - 71*p = 36. Calculate the highest common factor of 1397 and f.
11
Suppose 0 = -6*z + 33 + 57. Suppose 32*m - z = 27*m. Suppose -h - m*y + 77 = -26, -4*h + y = -451. Calculate the highest common factor of h and 16.
16
Let f be (1 - 14)/(2 + -3). Suppose -11*t + 30 = 8. Let d be 4/(-3 + 11)*468/t. What is the greatest common factor of f and d?
13
Let z = -2366 + 2378. Let q = 2 + 6. Let n = q - 5. What is the highest common divisor of n and z?
3
Suppose -5*a - 23*k = -15*k - 20572, -3*a - k = -12347. What is the highest common divisor of a and 441?
147
Let n = -38 - -89. Let z be (-861)/(-7) - ((-54)/(-6) - 22). Calculate the greatest common factor of z and n.
17
Let l = 1373 - 1363. Calculate the highest common divisor of l and 2750.
10
Let d(i) = -13*i - 85. Let l = -16 + -1. Let q be d(l). Let f(c) = 36*c - 2. Let g be f(1). What is the greatest common factor of q and g?
34
Suppose 0 = 3*m - k - 2119, k + 527 = m - 182. Suppose 6*n + 687 - m = 0. Let r = -7 + 40. What is the highest common factor of r and n?
3
Suppose -175 + 1759 = 18*o. Let w be (160/24 + -4)*(-297)/(-2). Calculate the highest common factor of w and o.
44
Suppose 12 = s - 54*w + 55*w, 0 = -5*s + 3*w + 44. What is the highest common divisor of s and 4910?
10
Let h be (-1708)/(-24) + 5/(-30). Let w(s) = s**3 - 2*s**2 - 13*s - 11. Let v be w(6). Let c = h - v. Calculate the highest common factor of 24 and c.
8
Let q(i) be the second derivative of 5*i**3 - 31*i**2 + 98*i. Let z be q(5). Calculate the greatest common factor of z and 308.
44
Let y(u) = -12*u - 3*u + 3*u - 4*u. Let o be y(-10). What is the highest common factor of o and 20?
20
Let i be 5 + -5 + (-15)/(-10)*52. Suppose -166 = -2*j - i. What is the highest common factor of j and 55?
11
Let y = -301 - -303. Suppose -15*s = y*s - 561. What is the highest common factor of 209 and s?
11
Suppose -j + 9 = 3. Let f be -1 + -1 - j/(-2). Let m = 37 + f. Calculate the greatest common divisor of m and 57.
19
Let b = 58 + -55. Suppose 2*l + q = 2, -2*q + 0 = b*l - 2. Suppose -g - 7 = -l*g. What is the highest common divisor of g and 1?
1
Suppose 78*f + 304*f - 419343 = 116985. What is the highest common divisor of 1512 and f?
108
Suppose 3*m + 228 = 6*m. Let v be 8/28 + m/28. Let x(b) = 7*b + 2. Let t be x(v). Calculate the highest common factor of t and 161.
23
Let r(h) = h**2 + 10*h - 51. Let c be r(6). Let q(f) = -3*f - 7. Let k be q(-8). Let t = c + k. Calculate the highest common divisor of 31 and t.
31
Suppose 386 = 8*m - 4902. Let k = -581 + m. Calculate the greatest common divisor of 60 and k.
20
Suppose -4*a - 2*v = -338, 3*a + 2*a - 4*v - 442 = 0. What is the greatest common